{"id":59,"date":"2025-02-11T09:02:59","date_gmt":"2025-02-11T09:02:59","guid":{"rendered":"https:\/\/uniamerika.com\/index.php\/front_page\/"},"modified":"2025-03-06T13:12:10","modified_gmt":"2025-03-06T13:12:10","slug":"ana-sayfa","status":"publish","type":"page","link":"https:\/\/uniamerika.com\/","title":{"rendered":"Ana Sayfa"},"content":{"rendered":"\n\n\n\n\n\n\n\n\n\n\n\n\n\n\n\n","protected":false},"excerpt":{"rendered":"","protected":false},"author":1,"featured_media":0,"parent":0,"menu_order":0,"comment_status":"closed","ping_status":"closed","template":"","meta":{"saved_in_kubio":true,"footnotes":""},"class_list":["post-59","page","type-page","status-publish","hentry"],"kubio_ai_page_context":{"short_desc":"","purpose":"general"},"yoast_head":"<!-- This site is optimized with the Yoast SEO plugin v24.5 - https:\/\/yoast.com\/wordpress\/plugins\/seo\/ -->\n<title>Ana Sayfa | UniAmerika T\u00fcrkiye<\/title>\n<meta name=\"description\" content=\"Ana Sayfa ve di\u011fer amerikada e\u011fitim bilgileri i\u00e7in UniAmerika T\u00fcrkiye sitemizi ziyaret edebilirisiniz.\" \/>\n<meta name=\"robots\" content=\"index, follow, max-snippet:-1, max-image-preview:large, max-video-preview:-1\" \/>\n<link rel=\"canonical\" href=\"https:\/\/uniamerika.com\/\" \/>\n<meta property=\"og:locale\" content=\"tr_TR\" \/>\n<meta property=\"og:type\" content=\"article\" \/>\n<meta property=\"og:title\" content=\"Ana Sayfa | UniAmerika T\u00fcrkiye\" \/>\n<meta property=\"og:description\" content=\"Ana Sayfa ve di\u011fer amerikada e\u011fitim bilgileri i\u00e7in UniAmerika T\u00fcrkiye sitemizi ziyaret edebilirisiniz.\" \/>\n<meta property=\"og:url\" content=\"https:\/\/uniamerika.com\/\" \/>\n<meta property=\"og:site_name\" content=\"UniAmerika T\u00fcrkiye\" \/>\n<meta property=\"article:publisher\" content=\"https:\/\/facebook.com\/uniamerika\" \/>\n<meta property=\"article:modified_time\" content=\"2025-03-06T13:12:10+00:00\" \/>\n<meta property=\"og:image\" content=\"https:\/\/uniamerika.com\/wp-content\/uploads\/2025\/02\/a6h5ddgh3ejj0dezwiaq.webp\" \/>\n\t<meta property=\"og:image:width\" content=\"1200\" \/>\n\t<meta property=\"og:image:height\" content=\"800\" \/>\n\t<meta property=\"og:image:type\" content=\"image\/webp\" \/>\n<meta name=\"twitter:card\" content=\"summary_large_image\" \/>\n<meta name=\"twitter:site\" content=\"@uniamerika\" \/>\n<script type=\"application\/ld+json\" class=\"yoast-schema-graph\">{\"@context\":\"https:\/\/schema.org\",\"@graph\":[{\"@type\":\"WebPage\",\"@id\":\"https:\/\/uniamerika.com\/\",\"url\":\"https:\/\/uniamerika.com\/\",\"name\":\"Ana Sayfa | UniAmerika T\u00fcrkiye\",\"isPartOf\":{\"@id\":\"https:\/\/uniamerika.com\/#website\"},\"datePublished\":\"2025-02-11T09:02:59+00:00\",\"dateModified\":\"2025-03-06T13:12:10+00:00\",\"description\":\"Ana Sayfa ve di\u011fer amerikada e\u011fitim bilgileri i\u00e7in UniAmerika T\u00fcrkiye sitemizi ziyaret edebilirisiniz.\",\"breadcrumb\":{\"@id\":\"https:\/\/uniamerika.com\/#breadcrumb\"},\"inLanguage\":\"tr\",\"potentialAction\":[{\"@type\":\"ReadAction\",\"target\":[\"https:\/\/uniamerika.com\/\"]}]},{\"@type\":\"BreadcrumbList\",\"@id\":\"https:\/\/uniamerika.com\/#breadcrumb\",\"itemListElement\":[{\"@type\":\"ListItem\",\"position\":1,\"name\":\"UniAmerika T\u00fcrkiye\",\"item\":\"https:\/\/uniamerika.com\/\"},{\"@type\":\"ListItem\",\"position\":2,\"name\":\"Ana Sayfa\"}]},{\"@type\":\"WebSite\",\"@id\":\"https:\/\/uniamerika.com\/#website\",\"url\":\"https:\/\/uniamerika.com\/\",\"name\":\"UniAmerika T\u00fcrkiye\",\"description\":\"Amerika\u2019da E\u011fitim, Gelece\u011fe G\u00fc\u00e7l\u00fc Bir Ad\u0131m!\",\"publisher\":{\"@id\":\"https:\/\/uniamerika.com\/#organization\"},\"alternateName\":\"UniAmerika Amerikada E\u011fitim\",\"potentialAction\":[{\"@type\":\"SearchAction\",\"target\":{\"@type\":\"EntryPoint\",\"urlTemplate\":\"https:\/\/uniamerika.com\/?s={search_term_string}\"},\"query-input\":{\"@type\":\"PropertyValueSpecification\",\"valueRequired\":true,\"valueName\":\"search_term_string\"}}],\"inLanguage\":\"tr\"},{\"@type\":\"Organization\",\"@id\":\"https:\/\/uniamerika.com\/#organization\",\"name\":\"UniAmerika T\u00fcrkiye\",\"alternateName\":\"UniAmerika Amerikada E\u011fitim\",\"url\":\"https:\/\/uniamerika.com\/\",\"logo\":{\"@type\":\"ImageObject\",\"inLanguage\":\"tr\",\"@id\":\"https:\/\/uniamerika.com\/#\/schema\/logo\/image\/\",\"url\":\"https:\/\/uniamerika.com\/wp-content\/uploads\/2025\/02\/yuvarlak-logo.png\",\"contentUrl\":\"https:\/\/uniamerika.com\/wp-content\/uploads\/2025\/02\/yuvarlak-logo.png\",\"width\":1278,\"height\":1276,\"caption\":\"UniAmerika T\u00fcrkiye\"},\"image\":{\"@id\":\"https:\/\/uniamerika.com\/#\/schema\/logo\/image\/\"},\"sameAs\":[\"https:\/\/facebook.com\/uniamerika\",\"https:\/\/x.com\/uniamerika\",\"https:\/\/instagram.com\/uniamerika\"]}]}<\/script>\n<!-- \/ Yoast SEO plugin. -->","yoast_head_json":{"title":"Ana Sayfa | UniAmerika T\u00fcrkiye","description":"Ana Sayfa ve di\u011fer amerikada e\u011fitim bilgileri i\u00e7in UniAmerika T\u00fcrkiye sitemizi ziyaret edebilirisiniz.","robots":{"index":"index","follow":"follow","max-snippet":"max-snippet:-1","max-image-preview":"max-image-preview:large","max-video-preview":"max-video-preview:-1"},"canonical":"https:\/\/uniamerika.com\/","og_locale":"tr_TR","og_type":"article","og_title":"Ana Sayfa | UniAmerika T\u00fcrkiye","og_description":"Ana Sayfa ve di\u011fer amerikada e\u011fitim bilgileri i\u00e7in UniAmerika T\u00fcrkiye sitemizi ziyaret edebilirisiniz.","og_url":"https:\/\/uniamerika.com\/","og_site_name":"UniAmerika T\u00fcrkiye","article_publisher":"https:\/\/facebook.com\/uniamerika","article_modified_time":"2025-03-06T13:12:10+00:00","og_image":[{"width":1200,"height":800,"url":"https:\/\/uniamerika.com\/wp-content\/uploads\/2025\/02\/a6h5ddgh3ejj0dezwiaq.webp","type":"image\/webp"}],"twitter_card":"summary_large_image","twitter_site":"@uniamerika","schema":{"@context":"https:\/\/schema.org","@graph":[{"@type":"WebPage","@id":"https:\/\/uniamerika.com\/","url":"https:\/\/uniamerika.com\/","name":"Ana Sayfa | UniAmerika T\u00fcrkiye","isPartOf":{"@id":"https:\/\/uniamerika.com\/#website"},"datePublished":"2025-02-11T09:02:59+00:00","dateModified":"2025-03-06T13:12:10+00:00","description":"Ana Sayfa ve di\u011fer amerikada e\u011fitim bilgileri i\u00e7in UniAmerika T\u00fcrkiye sitemizi ziyaret edebilirisiniz.","breadcrumb":{"@id":"https:\/\/uniamerika.com\/#breadcrumb"},"inLanguage":"tr","potentialAction":[{"@type":"ReadAction","target":["https:\/\/uniamerika.com\/"]}]},{"@type":"BreadcrumbList","@id":"https:\/\/uniamerika.com\/#breadcrumb","itemListElement":[{"@type":"ListItem","position":1,"name":"UniAmerika T\u00fcrkiye","item":"https:\/\/uniamerika.com\/"},{"@type":"ListItem","position":2,"name":"Ana Sayfa"}]},{"@type":"WebSite","@id":"https:\/\/uniamerika.com\/#website","url":"https:\/\/uniamerika.com\/","name":"UniAmerika T\u00fcrkiye","description":"Amerika\u2019da E\u011fitim, Gelece\u011fe G\u00fc\u00e7l\u00fc Bir Ad\u0131m!","publisher":{"@id":"https:\/\/uniamerika.com\/#organization"},"alternateName":"UniAmerika Amerikada E\u011fitim","potentialAction":[{"@type":"SearchAction","target":{"@type":"EntryPoint","urlTemplate":"https:\/\/uniamerika.com\/?s={search_term_string}"},"query-input":{"@type":"PropertyValueSpecification","valueRequired":true,"valueName":"search_term_string"}}],"inLanguage":"tr"},{"@type":"Organization","@id":"https:\/\/uniamerika.com\/#organization","name":"UniAmerika T\u00fcrkiye","alternateName":"UniAmerika Amerikada E\u011fitim","url":"https:\/\/uniamerika.com\/","logo":{"@type":"ImageObject","inLanguage":"tr","@id":"https:\/\/uniamerika.com\/#\/schema\/logo\/image\/","url":"https:\/\/uniamerika.com\/wp-content\/uploads\/2025\/02\/yuvarlak-logo.png","contentUrl":"https:\/\/uniamerika.com\/wp-content\/uploads\/2025\/02\/yuvarlak-logo.png","width":1278,"height":1276,"caption":"UniAmerika T\u00fcrkiye"},"image":{"@id":"https:\/\/uniamerika.com\/#\/schema\/logo\/image\/"},"sameAs":["https:\/\/facebook.com\/uniamerika","https:\/\/x.com\/uniamerika","https:\/\/instagram.com\/uniamerika"]}]}},"_links":{"self":[{"href":"https:\/\/uniamerika.com\/index.php\/wp-json\/wp\/v2\/pages\/59","targetHints":{"allow":["GET"]}}],"collection":[{"href":"https:\/\/uniamerika.com\/index.php\/wp-json\/wp\/v2\/pages"}],"about":[{"href":"https:\/\/uniamerika.com\/index.php\/wp-json\/wp\/v2\/types\/page"}],"author":[{"embeddable":true,"href":"https:\/\/uniamerika.com\/index.php\/wp-json\/wp\/v2\/users\/1"}],"replies":[{"embeddable":true,"href":"https:\/\/uniamerika.com\/index.php\/wp-json\/wp\/v2\/comments?post=59"}],"version-history":[{"count":129,"href":"https:\/\/uniamerika.com\/index.php\/wp-json\/wp\/v2\/pages\/59\/revisions"}],"predecessor-version":[{"id":728,"href":"https:\/\/uniamerika.com\/index.php\/wp-json\/wp\/v2\/pages\/59\/revisions\/728"}],"wp:attachment":[{"href":"https:\/\/uniamerika.com\/index.php\/wp-json\/wp\/v2\/media?parent=59"}],"curies":[{"name":"wp","href":"https:\/\/api.w.org\/{rel}","templated":true}]}}